+ v = -p, 0*p = 2*p - 2. Let b = 55 - c. What are the prime factors of b?
3, 7
Let s(o) = o**2 + o - 1. Let j(d) = 4*d**2 + 6*d - 19. Let u(m) = j(m) - 3*s(m). What are the prime factors of u(-9)?
2, 19
Let l(n) = -n**3 - 13*n**2 - 13*n + 12. What are the prime factors of l(-17)?
3, 463
Let m(r) = -3*r**3 - 1 + r**3 - 6*r**2 - 6*r - 5. What are the prime factors of m(-4)?
2, 5
Suppose 6*v + h = 3*v + 1624, 4*h - 1636 = -3*v. Suppose 0*i + 116 = m - 4*i, -4*m - 3*i = -v. List the prime factors of m.
2, 3, 11
Let i be (8/(-4))/((-1)/3). Suppose -g - i = g. What are the prime factors of 9*(8/g - -3)?
3
Let r = -4 - -7. Suppose 3*j = -4*g + 1, -j - 4*g + 1 = -r*g. Suppose -16 = -j*s + 80. What are the prime factors of s?
2
Let n be (-1 - 0 - 0)/(1 + 0). List the prime factors of -19 - -16 - (n - 11).
3
Suppose 2*c - 25 = 27. What are the prime factors of 4/c + (-1351)/(-91)?
3, 5
Suppose -2*z + 112 = -6*z. Let q be 8/z + (-60)/(-14). Suppose -q*s + 9*s - 66 = 4*c, -s + 22 = -3*c. What are the prime factors of s?
2, 5
What are the prime factors of (-1)/(-3 + 1464/489)?
163
Suppose s + 3*s - 24 = 0. Suppose 2*q = -0*q + s. Suppose -4*h + 27 = -q*h. What are the prime factors of h?
3
Let r = 123 - 22. What are the prime factors of r?
101
Let z be (46/4)/((-10)/(-60)). Suppose m - 5*g = -m + 67, -3*g = 3*m - z. Suppose -w + 8 + m = 5*x, -121 = -4*w - 5*x. What are the prime factors of w?
29
Let o = 1094 + 305. List the prime factors of o.
1399
Let o(w) = 114*w**3 - w**2 - 4*w - 5. Let u be o(-2). Let f = 175 + u. What are the prime factors of 1/(-3) + f/(-27)?
3
Suppose 2*y + 5*d + 9 = 42, -5*d + 29 = y. Let h be (-7 + 4)/((-3)/y). What are the prime factors of (-1)/((h + -6)/38)?
19
Let f = 8 - -9. Let p = 51 + f. What are the prime factors of p?
2, 17
Suppose 0 = -3*i - 3*g, 0*i + i = 5*g + 18. Suppose -i*w - 40 = -4*w + 2*b, -3*w + 84 = 3*b. What are the prime factors of w?
2
List the prime factors of 1517 + 36/4 + -1.
5, 61
Let z = -59 - -65. List the prime factors of z.
2, 3
Let g(m) = -m - 17. Let i be g(-9). Let u be (220/14)/(i/(-56)). Suppose -3*p - 3*n + u = -1, p - 2*n - 40 = 0. List the prime factors of p.
2, 19
Let p = -132 - -658. What are the prime factors of p?
2, 263
Suppose 0 = -10*k + 1092 + 3398. List the prime factors of k.
449
Suppose 8*b - 3*b = 6280. What are the prime factors of b?
2, 157
Suppose -2*z - 2*z - 5*m = -605, -316 = -2*z + 2*m. Let c = z + -74. What are the prime factors of c?
3
Let d = 37 + 36. Let h = d - 27. List the prime factors of h.
2, 23
Let j(u) = 15*u + 157. What are the prime factors of j(37)?
2, 89
List the prime factors of (-2)/(-4)*(944 + -22).
461
Let f(n) = 3*n**2 + 56*n - 20. Let c = -16 - -12. Let i(g) = -g**2 - 19*g + 7. Let m(l) = c*f(l) - 11*i(l). What are the prime factors of m(-14)?
17
Let i(j) = j + 5. Let l be i(7). Let x = l + -9. Suppose -2*a + 3*v = -20, 0 = -a + x*a - v - 24. List the prime factors of a.
13
Let s(c) = -c**3 + 13*c**2 + 15*c - 17. Let g be s(14). What are the prime factors of -2 - ((-1 - 222) + g)?
2, 7
Suppose -5*c - 16 = -26. Suppose 4*z - c*z + 13 = 5*j, -9 = -4*j + 3*z. List the prime factors of j.
3
Let g be 1*((-3)/5 - (-8)/(-20)). Let z be (-452)/14 + 6/21. Let u = g - z. List the prime factors of u.
31
Suppose 0 = 5*a - 3*h - 11125 - 10367, 5*a = 2*h + 21488. What are the prime factors of a?
2, 3, 179
Suppose 4*h = -4, 3*o = 2*o + 3*h. Let u = o - -10. What are the prime factors of u?
7
Suppose -2*u - 217 = -3*z, u - 344 - 22 = -5*z. Suppose -308 = -22*n + 29*n. Let d = z + n. List the prime factors of d.
29
Let u = 448 + -25. List the prime factors of u.
3, 47
Let v(y) = -4*y - 34. Let c be v(-8). List the prime factors of -3 - -3*(13 - (c - -4)).
2, 3, 5
Suppose -104 = 6*p - 452. List the prime factors of p/4*(11 - 9).
29
Suppose -4*p + 8 = -8. Let u(l) = -4*l + 65*l**2 + p + 3*l - 62*l**2. What are the prime factors of u(5)?
2, 37
Let x(y) = -y**2 + 7*y - 1. Let m be x(3). Suppose -1603 = 4*l - m*l. What are the prime factors of l?
229
Let t(v) = -6*v + 7 + 9*v**2 + 47*v**3 - 46*v**3 + 7 + 2*v. List the prime factors of t(-7).
2, 5, 7
Suppose -8 = -2*l, -5*l = 2*i + 3*i - 35. Suppose -4*f - 155 = -3*z, i*f + 55 + 95 = 3*z. What are the prime factors of z?
3, 5
What are the prime factors of 3338/6 - 17/51?
2, 139
Let y be ((-1)/3)/(5/75). Let j = y - -8. Suppose -26 = -2*x + j*o - 7*o, -10 = -x - o. What are the prime factors of x?
7
Let r(w) = 9*w**2 + 19*w - 233. What are the prime factors of r(16)?
5, 19
Suppose -18*y = -33*y + 56175. What are the prime factors of y?
5, 7, 107
Let i = -4 - -1. Let k(r) = -4*r**3 - r**2 + 3*r - 1. Let b be k(i). Suppose -5*d + b = -31. List the prime factors of d.
2, 3
Let s(l) = -1307*l - 8. What are the prime factors of s(-1)?
3, 433
Let a be -5 + 3 + 16 - 6/2. Let z(q) = q**2 + 10*q - 9. What are the prime factors of z(a)?
2, 3, 37
Let y(p) = 4*p**2. Let m be y(-1). Suppose 2*w - 4*i = 346, -4*i - 474 = -m*w + 210. What are the prime factors of w?
13
Let l(y) = -y**2 + 5*y - 4. Let u be l(3). Suppose 2*z - u = 0, -2 + 3 = -5*b - 4*z. Let x(s) = -21*s - 2. List the prime factors of x(b).
19
Let a(s) = 10*s - 30. Let o = 7 - -7. Let q be a(o). Suppose 4*i = 2*i + q. What are the prime factors of i?
5, 11
Let c = -64 - -64. What are the prime factors of 84/10 + c + (-16)/40?
2
Let n(m) = 99*m - 299. What are the prime factors of n(6)?
5, 59
Suppose 0 = 9*m - 7100 + 566. What are the prime factors of m?
2, 3, 11
Let d(y) be the third derivative of -y**4/12 + y**3/6 - 4*y**2. Let g be d(-2). Suppose 2*i = -g*b + 95, b + 0*b - 19 = -2*i. What are the prime factors of b?
19
Let u(r) = 4*r**2 + 39*r**3 + 0 - 1 - r**2 - 4*r**2 + 2*r. Let z be u(1). Let j = z - 26. List the prime factors of j.
13
Let t(x) be the second derivative of 5*x**4/6 - x**3/6 - 7*x**2/2 - 24*x. List the prime factors of t(-3).
2, 43
List the prime factors of 7/(-2) - (-3876)/8.
13, 37
Let c be -1*10/((-4)/2). List the prime factors of c/(-15) + 4 + 1124/6.
191
Suppose -g + 15 = 3*l + 5, g = l + 18. Suppose 5*i = 101 - g. List the prime factors of i + (-3 - -2 - -3).
19
Let j(k) = -2*k - 4. Let c be j(-4). Let m be (-20)/(-16) + 3/c. What are the prime factors of (-352)/(-12) + m/(-6)?
29
Suppose 5*o + 1289 = 2*h, 2*h + 12 = -2*h. Let t = -94 - o. What are the prime factors of t?
3, 5, 11
Suppose 4*r - 2*i = 24, -3*r - 2*r - i + 16 = 0. Suppose -r*o + 4*l = -416, 5*o + l = -0*l + 514. List the prime factors of o.
103
Let r(w) = w**2 - 6*w + 5. Let l be r(6). Suppose l*x = -2*f + 4*f + 46, 12 = 2*x - 4*f. List the prime factors of x.
2, 5
Suppose 0 = 2*m + 6 + 6. List the prime factors of (3/m)/((-1)/10).
5
Let g(m) = -2*m**2 + 5*m + 90. Let s be g(8). Let p(t) = t**2 + 179. Let a be p(0). Suppose -s + a = 3*n. List the prime factors of n.
59
Suppose 6*g - 7*g + 351 = 0. What are the prime factors of g?
3, 13
Let b = 28 - 20. List the prime factors of 498/b*(-4)/(-3).
83
Let t(m) = m**3 - 15*m**2 + 20*m - 15. Let h be t(13). Let c = 148 + h. What are the prime factors of c?
5, 11
Let h(c) = -6*c - 10. Let f(i) = -5*i**3 + i**2 - 1. Let x(k) = -k**3 + 13*k**2 + 13*k + 15. Let y be x(14). Let a be f(y). What are the prime factors of h(a)?
2, 5
Let h(o) = 4*o**2 + 12*o - 5. Suppose -7*j - 3*j - 60 = 0. List the prime factors of h(j).
67
Let b(l) be the second derivative of l**5/20 + 4*l**4/3 - l**3/2 - 45*l**2/2 - 20*l. What are the prime factors of b(-16)?
3
Let g(u) = 1. Let r(k) = -k + 44. Let m(v) = -5*g(v) + r(v). What are the prime factors of m(-17)?
2, 7
Let l(d) = d**3 - d**2 + 11*d - 9. Suppose 9 = 5*c + f - 10, 5*c = -2*f + 18. List the prime factors of l(c).
83
Suppose -1 = 3*s - p, -3 = -p - 2. Let v(z) = z + 37. Let l be v(s). Suppose 0 = 4*y - l + 13. What are the prime factors of y?
2, 3
Let b = -272 + 326. Let r be -4*1*14/(-2). Let f = b - r. What are the prime factors of f?
2, 13
Let o be 1*(4 + 1 + -1). Suppose -o*f = -5*f + 4*n - 11, f = -4*n - 19. Let s = f + 68. What are the prime factors of s?
53
Let q = 206 - 106. List the prime factors of ((-9)/(-5))/(15/q).
2, 3
Suppose -28*m + 7739 = -12813. What are the prime factors of m?
2, 367
Suppose 2*q - 128 = -440. Let h = q + 228. List the prime factors of h.
2, 3
Let f(y) = -87*y + 4. Let